{"id":11414,"date":"2025-04-18T12:47:14","date_gmt":"2025-04-18T12:47:14","guid":{"rendered":"https:\/\/psicopol.net\/?page_id=11414"},"modified":"2025-11-01T16:09:47","modified_gmt":"2025-11-01T16:09:47","slug":"catalogo-de-cursos-cuerpo-general-de-policia-canaria-y-policia-unificada-canaria","status":"publish","type":"page","link":"https:\/\/psicopol.net\/index.php\/catalogo-de-cursos-cuerpo-general-de-policia-canaria-y-policia-unificada-canaria\/","title":{"rendered":"Cat\u00e1logo de cursos &#8211; Cuerpo General de Polic\u00eda Canaria y Polic\u00eda Unificada Canaria"},"content":{"rendered":"\t\t<div data-elementor-type=\"wp-page\" data-elementor-id=\"11414\" class=\"elementor elementor-11414\" data-elementor-post-type=\"page\">\n\t\t\t\t\t\t<section class=\"elementor-section elementor-top-section elementor-element elementor-element-5c12b744 elementor-section-boxed elementor-section-height-default elementor-section-height-default\" data-id=\"5c12b744\" data-element_type=\"section\">\n\t\t\t\t\t\t<div class=\"elementor-container elementor-column-gap-default\">\n\t\t\t\t\t<div class=\"elementor-column elementor-col-100 elementor-top-column elementor-element elementor-element-49795276\" data-id=\"49795276\" data-element_type=\"column\">\n\t\t\t<div class=\"elementor-widget-wrap elementor-element-populated\">\n\t\t\t\t\t\t<div class=\"elementor-element elementor-element-1dc4dd64 elementor-widget elementor-widget-text-editor\" data-id=\"1dc4dd64\" data-element_type=\"widget\" data-widget_type=\"text-editor.default\">\n\t\t\t\t<div class=\"elementor-widget-container\">\n\t\t\t\t\t\t\t\t\t<p><div class=\"edwiser-bridge\">\t\t\t<div class='eb-cat-parent'>\r\n\t\t\t\t\t<div class=\"sc-eb_courses-wrapper eb_course_cards_wrap\">\r\n\t\t\t\t\t\t\r\n<div id=\"post-15365\" class=\"wdm-col-3-2-1 eb-course-card eb-course-col wdm-course-grid-wrap no-access post-15365 eb_course type-eb_course status-publish has-post-thumbnail hentry eb_course_cat-02-psicotecnicoscgpc\" title=\"Click to read more about 07. PSICOTECNICOS MAYO 2026 course\">\r\n\t<div class=\"eb-grid-container\">\r\n\t\t<div class=\"wdm-course-grid\">\r\n\r\n\t\t\t\t\t<a href=\"https:\/\/psicopol.net\/index.php\/courses\/07-psicotecnicos-mayo-2026\/\" rel=\"bookmark\" class=\"wdm-course-thumbnail\">\r\n\t\t\t\t<!-- Course card image container -->\r\n\t\t\t\t<div class=\"wdm-course-image\">\r\n\t\t\t\t\t<img decoding=\"async\" src=\"https:\/\/psicopol.net\/wp-content\/uploads\/2026\/04\/CGPC-PU-MAYO-2026.png\"\/>\r\n\t\t\t\t<\/div>\r\n\t\t\t\t<div class=\"wdm-caption\">\r\n\t\t\t\t\t<div  class=\"eb-cat-wrapper-new \">\r\n\t\t\t\t\t02. PSICOTECNICOS CGPC\t\t\t\t\t<\/div>\r\n\r\n\t\t\t\t\t<div class=\"eb-course-title eb-course-card-title\">07. PSICOTECNICOS MAYO 2026<\/div>\r\n\r\n\t\t\t\t\t\r\n\t\t\t\t\t<div>\r\n\t\t\t\t\t\t<p class=\"eb_short_desc\">\r\n\t\t\t\t\t\t\t \r\n\t\t\t\t\t\t<\/p>\r\n\t\t\t\t\t<\/div>\r\n\r\n\t\t\t\t\t\t\t\t\t<\/div>\r\n\t\t\t<\/a>\r\n\r\n\t\t\t\t\t<\/div>\r\n\t<\/div>\r\n\t<!-- .wdm-course-grid -->\r\n<\/div><!-- #post -->\r\n\r\n<div id=\"post-14976\" class=\"wdm-col-3-2-1 eb-course-card eb-course-col wdm-course-grid-wrap no-access post-14976 eb_course type-eb_course status-publish has-post-thumbnail hentry eb_course_cat-02-psicotecnicoscgpc\" title=\"Click to read more about 06. PSICOTECNICOS ABRIL 2026 course\">\r\n\t<div class=\"eb-grid-container\">\r\n\t\t<div class=\"wdm-course-grid\">\r\n\r\n\t\t\t\t\t<a href=\"https:\/\/psicopol.net\/index.php\/courses\/06-psicotecnicos-abril-2026\/\" rel=\"bookmark\" class=\"wdm-course-thumbnail\">\r\n\t\t\t\t<!-- Course card image container -->\r\n\t\t\t\t<div class=\"wdm-course-image\">\r\n\t\t\t\t\t<img decoding=\"async\" src=\"https:\/\/psicopol.net\/wp-content\/uploads\/2026\/03\/CGPC-PU-ABRIL-2026.png\"\/>\r\n\t\t\t\t<\/div>\r\n\t\t\t\t<div class=\"wdm-caption\">\r\n\t\t\t\t\t<div  class=\"eb-cat-wrapper-new \">\r\n\t\t\t\t\t02. PSICOTECNICOS CGPC\t\t\t\t\t<\/div>\r\n\r\n\t\t\t\t\t<div class=\"eb-course-title eb-course-card-title\">06. PSICOTECNICOS ABRIL 2026<\/div>\r\n\r\n\t\t\t\t\t\r\n\t\t\t\t\t<div>\r\n\t\t\t\t\t\t<p class=\"eb_short_desc\">\r\n\t\t\t\t\t\t\t \r\n\t\t\t\t\t\t<\/p>\r\n\t\t\t\t\t<\/div>\r\n\r\n\t\t\t\t\t\t\t\t\t<\/div>\r\n\t\t\t<\/a>\r\n\r\n\t\t\t\t\t<\/div>\r\n\t<\/div>\r\n\t<!-- .wdm-course-grid -->\r\n<\/div><!-- #post -->\r\n\r\n<div id=\"post-14761\" class=\"wdm-col-3-2-1 eb-course-card eb-course-col wdm-course-grid-wrap no-access post-14761 eb_course type-eb_course status-publish has-post-thumbnail hentry eb_course_cat-02-psicotecnicoscgpc\" title=\"Click to read more about 05. PSICOTECNICOS MARZO 2026 course\">\r\n\t<div class=\"eb-grid-container\">\r\n\t\t<div class=\"wdm-course-grid\">\r\n\r\n\t\t\t\t\t<a href=\"https:\/\/psicopol.net\/index.php\/courses\/05-psicotecnicos-marzo-2026\/\" rel=\"bookmark\" class=\"wdm-course-thumbnail\">\r\n\t\t\t\t<!-- Course card image container -->\r\n\t\t\t\t<div class=\"wdm-course-image\">\r\n\t\t\t\t\t<img decoding=\"async\" src=\"https:\/\/psicopol.net\/wp-content\/uploads\/2026\/03\/CGPC-PU-MARZO-2026.png\"\/>\r\n\t\t\t\t<\/div>\r\n\t\t\t\t<div class=\"wdm-caption\">\r\n\t\t\t\t\t<div  class=\"eb-cat-wrapper-new \">\r\n\t\t\t\t\t02. PSICOTECNICOS CGPC\t\t\t\t\t<\/div>\r\n\r\n\t\t\t\t\t<div class=\"eb-course-title eb-course-card-title\">05. PSICOTECNICOS MARZO 2026<\/div>\r\n\r\n\t\t\t\t\t\r\n\t\t\t\t\t<div>\r\n\t\t\t\t\t\t<p class=\"eb_short_desc\">\r\n\t\t\t\t\t\t\t \r\n\t\t\t\t\t\t<\/p>\r\n\t\t\t\t\t<\/div>\r\n\r\n\t\t\t\t\t\t\t\t\t<\/div>\r\n\t\t\t<\/a>\r\n\r\n\t\t\t\t\t<\/div>\r\n\t<\/div>\r\n\t<!-- .wdm-course-grid -->\r\n<\/div><!-- #post -->\r\n\r\n<div id=\"post-14511\" class=\"wdm-col-3-2-1 eb-course-card eb-course-col wdm-course-grid-wrap no-access post-14511 eb_course type-eb_course status-publish has-post-thumbnail hentry eb_course_cat-02-psicotecnicoscgpc\" title=\"Click to read more about 04. PSICOTECNICOS FEBRERO 2026 course\">\r\n\t<div class=\"eb-grid-container\">\r\n\t\t<div class=\"wdm-course-grid\">\r\n\r\n\t\t\t\t\t<a href=\"https:\/\/psicopol.net\/index.php\/courses\/04-psicotecnicos-febrero-2026\/\" rel=\"bookmark\" class=\"wdm-course-thumbnail\">\r\n\t\t\t\t<!-- Course card image container -->\r\n\t\t\t\t<div class=\"wdm-course-image\">\r\n\t\t\t\t\t<img decoding=\"async\" src=\"https:\/\/psicopol.net\/wp-content\/uploads\/2026\/02\/CGPC-PU-FEBRERO-2026.png\"\/>\r\n\t\t\t\t<\/div>\r\n\t\t\t\t<div class=\"wdm-caption\">\r\n\t\t\t\t\t<div  class=\"eb-cat-wrapper-new \">\r\n\t\t\t\t\t02. PSICOTECNICOS CGPC\t\t\t\t\t<\/div>\r\n\r\n\t\t\t\t\t<div class=\"eb-course-title eb-course-card-title\">04. PSICOTECNICOS FEBRERO 2026<\/div>\r\n\r\n\t\t\t\t\t\r\n\t\t\t\t\t<div>\r\n\t\t\t\t\t\t<p class=\"eb_short_desc\">\r\n\t\t\t\t\t\t\t \r\n\t\t\t\t\t\t<\/p>\r\n\t\t\t\t\t<\/div>\r\n\r\n\t\t\t\t\t\t\t\t\t<\/div>\r\n\t\t\t<\/a>\r\n\r\n\t\t\t\t\t<\/div>\r\n\t<\/div>\r\n\t<!-- .wdm-course-grid -->\r\n<\/div><!-- #post -->\r\n\r\n<div id=\"post-14278\" class=\"wdm-col-3-2-1 eb-course-card eb-course-col wdm-course-grid-wrap no-access post-14278 eb_course type-eb_course status-publish has-post-thumbnail hentry eb_course_cat-02-psicotecnicoscgpc\" title=\"Click to read more about 03. PSICOTECNICOS ENERO 2026 course\">\r\n\t<div class=\"eb-grid-container\">\r\n\t\t<div class=\"wdm-course-grid\">\r\n\r\n\t\t\t\t\t<a href=\"https:\/\/psicopol.net\/index.php\/courses\/03-psicotecnicos-enero-2026\/\" rel=\"bookmark\" class=\"wdm-course-thumbnail\">\r\n\t\t\t\t<!-- Course card image container -->\r\n\t\t\t\t<div class=\"wdm-course-image\">\r\n\t\t\t\t\t<img decoding=\"async\" src=\"https:\/\/psicopol.net\/wp-content\/uploads\/2025\/12\/CGPC-PU-ENERO-2026.png\"\/>\r\n\t\t\t\t<\/div>\r\n\t\t\t\t<div class=\"wdm-caption\">\r\n\t\t\t\t\t<div  class=\"eb-cat-wrapper-new \">\r\n\t\t\t\t\t02. PSICOTECNICOS CGPC\t\t\t\t\t<\/div>\r\n\r\n\t\t\t\t\t<div class=\"eb-course-title eb-course-card-title\">03. PSICOTECNICOS ENERO 2026<\/div>\r\n\r\n\t\t\t\t\t\r\n\t\t\t\t\t<div>\r\n\t\t\t\t\t\t<p class=\"eb_short_desc\">\r\n\t\t\t\t\t\t\t \r\n\t\t\t\t\t\t<\/p>\r\n\t\t\t\t\t<\/div>\r\n\r\n\t\t\t\t\t\t\t\t\t<\/div>\r\n\t\t\t<\/a>\r\n\r\n\t\t\t\t\t<\/div>\r\n\t<\/div>\r\n\t<!-- .wdm-course-grid -->\r\n<\/div><!-- #post -->\r\n\r\n<div id=\"post-14098\" class=\"wdm-col-3-2-1 eb-course-card eb-course-col wdm-course-grid-wrap no-access post-14098 eb_course type-eb_course status-publish has-post-thumbnail hentry eb_course_cat-02-psicotecnicoscgpc\" title=\"Click to read more about 02. PSICOTECNICOS DICIEMBRE 2025 course\">\r\n\t<div class=\"eb-grid-container\">\r\n\t\t<div class=\"wdm-course-grid\">\r\n\r\n\t\t\t\t\t<a href=\"https:\/\/psicopol.net\/index.php\/courses\/02-psicotecnicos-diciembre-2025\/\" rel=\"bookmark\" class=\"wdm-course-thumbnail\">\r\n\t\t\t\t<!-- Course card image container -->\r\n\t\t\t\t<div class=\"wdm-course-image\">\r\n\t\t\t\t\t<img decoding=\"async\" src=\"https:\/\/psicopol.net\/wp-content\/uploads\/2025\/11\/CGPC-PU-DICIEMBRE-2025.png\"\/>\r\n\t\t\t\t<\/div>\r\n\t\t\t\t<div class=\"wdm-caption\">\r\n\t\t\t\t\t<div  class=\"eb-cat-wrapper-new \">\r\n\t\t\t\t\t02. PSICOTECNICOS CGPC\t\t\t\t\t<\/div>\r\n\r\n\t\t\t\t\t<div class=\"eb-course-title eb-course-card-title\">02. PSICOTECNICOS DICIEMBRE 2025<\/div>\r\n\r\n\t\t\t\t\t\r\n\t\t\t\t\t<div>\r\n\t\t\t\t\t\t<p class=\"eb_short_desc\">\r\n\t\t\t\t\t\t\t \r\n\t\t\t\t\t\t<\/p>\r\n\t\t\t\t\t<\/div>\r\n\r\n\t\t\t\t\t\t\t\t\t<\/div>\r\n\t\t\t<\/a>\r\n\r\n\t\t\t\t\t<\/div>\r\n\t<\/div>\r\n\t<!-- .wdm-course-grid -->\r\n<\/div><!-- #post -->\r\n\r\n<div id=\"post-13895\" class=\"wdm-col-3-2-1 eb-course-card eb-course-col wdm-course-grid-wrap no-access post-13895 eb_course type-eb_course status-publish has-post-thumbnail hentry eb_course_cat-02-psicotecnicoscgpc\" title=\"Click to read more about 01. PSICOTECNICOS NOVIEMBRE 2025 course\">\r\n\t<div class=\"eb-grid-container\">\r\n\t\t<div class=\"wdm-course-grid\">\r\n\r\n\t\t\t\t\t<a href=\"https:\/\/psicopol.net\/index.php\/courses\/01-psicotecnicos-noviembre-2025\/\" rel=\"bookmark\" class=\"wdm-course-thumbnail\">\r\n\t\t\t\t<!-- Course card image container -->\r\n\t\t\t\t<div class=\"wdm-course-image\">\r\n\t\t\t\t\t<img decoding=\"async\" src=\"https:\/\/psicopol.net\/wp-content\/uploads\/2025\/11\/CGPC-PU-NOVIIEMBRE-2025.png\"\/>\r\n\t\t\t\t<\/div>\r\n\t\t\t\t<div class=\"wdm-caption\">\r\n\t\t\t\t\t<div  class=\"eb-cat-wrapper-new \">\r\n\t\t\t\t\t02. PSICOTECNICOS CGPC\t\t\t\t\t<\/div>\r\n\r\n\t\t\t\t\t<div class=\"eb-course-title eb-course-card-title\">01. PSICOTECNICOS NOVIEMBRE 2025<\/div>\r\n\r\n\t\t\t\t\t\r\n\t\t\t\t\t<div>\r\n\t\t\t\t\t\t<p class=\"eb_short_desc\">\r\n\t\t\t\t\t\t\t \r\n\t\t\t\t\t\t<\/p>\r\n\t\t\t\t\t<\/div>\r\n\r\n\t\t\t\t\t\t\t\t\t<\/div>\r\n\t\t\t<\/a>\r\n\r\n\t\t\t\t\t<\/div>\r\n\t<\/div>\r\n\t<!-- .wdm-course-grid -->\r\n<\/div><!-- #post -->\r\n\t\t\t\t<\/div>\r\n\t\t\t\t\t\t\t<div style=\"clear:both\"><\/div>\r\n\t\t\t\t\t<\/div>\r\n\t\t<\/div><\/p>\t\t\t\t\t\t\t\t<\/div>\n\t\t\t\t<\/div>\n\t\t\t\t\t<\/div>\n\t\t<\/div>\n\t\t\t\t\t<\/div>\n\t\t<\/section>\n\t\t\t\t<\/div>\n\t\t","protected":false},"excerpt":{"rendered":"","protected":false},"author":1,"featured_media":0,"parent":0,"menu_order":0,"comment_status":"closed","ping_status":"closed","template":"","meta":{"site-sidebar-layout":"default","site-content-layout":"","ast-site-content-layout":"","site-content-style":"default","site-sidebar-style":"default","ast-global-header-display":"","ast-banner-title-visibility":"","ast-main-header-display":"","ast-hfb-above-header-display":"","ast-hfb-below-header-display":"","ast-hfb-mobile-header-display":"","site-post-title":"","ast-breadcrumbs-content":"","ast-featured-img":"","footer-sml-layout":"","theme-transparent-header-meta":"","adv-header-id-meta":"","stick-header-meta":"","header-above-stick-meta":"","header-main-stick-meta":"","header-below-stick-meta":"","astra-migrate-meta-layouts":"default","ast-page-background-enabled":"default","ast-page-background-meta":{"desktop":{"background-color":"var(--ast-global-color-5)","background-image":"","background-repeat":"repeat","background-position":"center center","background-size":"auto","background-attachment":"scroll","background-type":"","background-media":"","overlay-type":"","overlay-color":"","overlay-opacity":"","overlay-gradient":""},"tablet":{"background-color":"","background-image":"","background-repeat":"repeat","background-position":"center center","background-size":"auto","background-attachment":"scroll","background-type":"","background-media":"","overlay-type":"","overlay-color":"","overlay-opacity":"","overlay-gradient":""},"mobile":{"background-color":"","background-image":"","background-repeat":"repeat","background-position":"center center","background-size":"auto","background-attachment":"scroll","background-type":"","background-media":"","overlay-type":"","overlay-color":"","overlay-opacity":"","overlay-gradient":""}},"ast-content-background-meta":{"desktop":{"background-color":"var(--ast-global-color-4)","background-image":"","background-repeat":"repeat","background-position":"center center","background-size":"auto","background-attachment":"scroll","background-type":"","background-media":"","overlay-type":"","overlay-color":"","overlay-opacity":"","overlay-gradient":""},"tablet":{"background-color":"var(--ast-global-color-4)","background-image":"","background-repeat":"repeat","background-position":"center center","background-size":"auto","background-attachment":"scroll","background-type":"","background-media":"","overlay-type":"","overlay-color":"","overlay-opacity":"","overlay-gradient":""},"mobile":{"background-color":"var(--ast-global-color-4)","background-image":"","background-repeat":"repeat","background-position":"center center","background-size":"auto","background-attachment":"scroll","background-type":"","background-media":"","overlay-type":"","overlay-color":"","overlay-opacity":"","overlay-gradient":""}},"courseId":0,"footnotes":""},"class_list":["post-11414","page","type-page","status-publish","hentry"],"_links":{"self":[{"href":"https:\/\/psicopol.net\/index.php\/wp-json\/wp\/v2\/pages\/11414","targetHints":{"allow":["GET"]}}],"collection":[{"href":"https:\/\/psicopol.net\/index.php\/wp-json\/wp\/v2\/pages"}],"about":[{"href":"https:\/\/psicopol.net\/index.php\/wp-json\/wp\/v2\/types\/page"}],"author":[{"embeddable":true,"href":"https:\/\/psicopol.net\/index.php\/wp-json\/wp\/v2\/users\/1"}],"replies":[{"embeddable":true,"href":"https:\/\/psicopol.net\/index.php\/wp-json\/wp\/v2\/comments?post=11414"}],"version-history":[{"count":16,"href":"https:\/\/psicopol.net\/index.php\/wp-json\/wp\/v2\/pages\/11414\/revisions"}],"predecessor-version":[{"id":13909,"href":"https:\/\/psicopol.net\/index.php\/wp-json\/wp\/v2\/pages\/11414\/revisions\/13909"}],"wp:attachment":[{"href":"https:\/\/psicopol.net\/index.php\/wp-json\/wp\/v2\/media?parent=11414"}],"curies":[{"name":"wp","href":"https:\/\/api.w.org\/{rel}","templated":true}]}}